721?
13, 79812517
What are the prime factors of 47364456?
2, 3, 1973519
What are the prime factors of 504214445?
5, 7, 29, 496763
List the prime factors of 1590501461.
563, 2825047
List the prime factors of 89377042.
2, 449, 99529
What are the prime factors of 67495577?
67495577
List the prime factors of 196633585.
5, 1747, 22511
What are the prime factors of 2227881903?
3, 13, 41, 1393297
What are the prime factors of 75067?
271, 277
List the prime factors of 1132756857.
3, 9133, 13781
What are the prime factors of 454560444?
2, 3, 13, 569
List the prime factors of 487251600.
2, 3, 5, 11, 36913
What are the prime factors of 168215710?
2, 5, 13, 1293967
List the prime factors of 2378504697.
3, 17, 46637347
List the prime factors of 47639135.
5, 9527827
What are the prime factors of 447778810?
2, 5, 17, 37, 257, 277
List the prime factors of 6656998976.
2, 104015609
List the prime factors of 1632606217.
11, 19, 23, 339631
List the prime factors of 57641685.
3, 5, 3842779
List the prime factors of 61132255.
5, 17, 719203
List the prime factors of 2544172515.
3, 5, 53, 397, 2687
What are the prime factors of 72193673?
19, 29, 131023
List the prime factors of 772686317.
13, 59437409
List the prime factors of 94363675.
5, 7, 151, 3571
List the prime factors of 39503365.
5, 11, 29, 24767
What are the prime factors of 54415112?
2, 6801889
List the prime factors of 12077696.
2, 157, 601
List the prime factors of 1594879580.
2, 5, 7, 11391997
List the prime factors of 42459918.
2, 3, 569, 12437
What are the prime factors of 5127918790?
2, 5, 41, 911, 13729
What are the prime factors of 1365621889?
31, 4289, 10271
What are the prime factors of 1508619443?
22619, 66697
What are the prime factors of 443788065?
3, 5, 7, 156539
List the prime factors of 2067783510.
2, 3, 5, 13, 5302009
List the prime factors of 168562110.
2, 3, 5, 19, 73, 4051
What are the prime factors of 15888120?
2, 3, 5, 31, 4271
What are the prime factors of 1840670386?
2, 1523, 604291
List the prime factors of 441726072.
2, 3, 2087, 8819
List the prime factors of 2834559.
3, 7, 13, 3461
List the prime factors of 1290270842.
2, 7, 29, 107, 4243
What are the prime factors of 214798912?
2, 37, 90709
List the prime factors of 160390874.
2, 7, 2141, 5351
List the prime factors of 142774152.
2, 3, 1787, 3329
What are the prime factors of 467229964?
2, 116807491
What are the prime factors of 1187495523?
3, 107, 1233121
What are the prime factors of 12504093?
3, 7, 557, 1069
What are the prime factors of 1015655236?
2, 253913809
What are the prime factors of 534397376?
2, 73, 107, 1069
List the prime factors of 435008241.
3, 73, 379, 1747
What are the prime factors of 59810106?
2, 3, 9968351
List the prime factors of 26374244.
2, 13, 507197
What are the prime factors of 298271846?
2, 953, 156491
What are the prime factors of 342590462?
2, 59, 113, 25693
What are the prime factors of 969414899?
59, 16430761
List the prime factors of 3270194463.
3, 101, 10792721
What are the prime factors of 4717013103?
3, 11, 17, 31, 30137
What are the prime factors of 290758563?
3, 32306507
What are the prime factors of 944104304?
2, 11, 13, 31741
List the prime factors of 109394031.
3, 17, 71, 30211
List the prime factors of 338047338.
2, 3, 43, 1310261
List the prime factors of 441472150.
2, 5, 7, 17, 74197
List the prime factors of 17931969.
3, 11, 173, 349
What are the prime factors of 4038222556?
2, 127, 757, 10501
What are the prime factors of 239140030?
2, 5, 23914003
List the prime factors of 4762590442.
2, 197, 12087793
List the prime factors of 20149536.
2, 3, 11, 19081
List the prime factors of 55759511.
113, 493447
List the prime factors of 779823742.
2, 389911871
What are the prime factors of 72348921?
3, 8038769
List the prime factors of 201630274.
2, 379, 266003
What are the prime factors of 9012501520?
2, 5, 11, 2693, 3803
List the prime factors of 212336844.
2, 3, 197, 89821
What are the prime factors of 6960390?
2, 3, 5, 232013
What are the prime factors of 2380123077?
3, 793374359
List the prime factors of 355319105.
5, 43, 73, 22639
What are the prime factors of 1273723310?
2, 5, 61, 1229, 1699
List the prime factors of 2920114265.
5, 67, 8716759
What are the prime factors of 30415678?
2, 251, 60589
What are the prime factors of 863234938?
2, 29, 37, 402253
What are the prime factors of 3276233670?
2, 3, 5, 67, 613, 2659
List the prime factors of 43602376.
2, 283, 19259
List the prime factors of 20057502.
2, 3, 19, 29, 6067
List the prime factors of 22275020.
2, 5, 1113751
List the prime factors of 1385416979.
47, 53, 457, 1217
List the prime factors of 169001622.
2, 3, 9388979
What are the prime factors of 67572698?
2, 347, 97367
List the prime factors of 673411200.
2, 3, 5, 7, 11, 911
What are the prime factors of 348565059?
3, 17, 759401
List the prime factors of 1333728535.
5, 266745707
What are the prime factors of 285529191?
3, 113, 317, 2657
What are the prime factors of 2800587073?
47, 523, 113933
List the prime factors of 804922178.
2, 402461089
List the prime factors of 124973528.
2, 17, 29, 31687
What are the prime factors of 722710480?
2, 5, 2557, 3533
List the prime factors of 2107857826.
2, 1053928913
What are the prime factors of 200980767?
3, 13, 5153353
List the prime factors of 1505541411.
3, 11, 153611
List the prime factors of 12441467.
17, 731851
List the prime factors of 86754513.
3, 19, 1522009
List the prime factors of 4657502604.
2, 3, 19, 20427643
What are the prime factors of 1835663904?
2, 3, 53, 40087
What are the prime factors of 169290995?
5, 33858199
What are the prime factors of 899499?
3, 41, 71, 103
List the prime factors of 61133436.
2, 3, 7, 13, 18661
What are the prime factors of 4036931655?
3, 5, 269128777
What are the prime factors of 101195701?
101195701
List the prime factors of 17518054.
2, 317, 27631
What are the prime factors of 5451562?
2, 2725781
What are the prime factors of 1713614823?
3, 190401647
What are the prime factors of 292278817?
3607, 81031
List the prime factors of 306796863.
3, 31, 3298891
List the prime factors of 1192368651.
3, 547, 726611
List the prime factors of 30536629.
19, 84589
What are the prime factors of 256117478?
2, 17, 37, 203591
What are the prime factors of 6937620?
2, 3, 5, 43, 2689
List the prime factors of 419259179.
5147, 81457
List the prime factors of 4393583321.
181, 24273941
List the prime factors of 1388355374.
2, 7, 67, 97, 15259
What are the prime factors of 977912595?
3, 5, 11, 227, 967
List the prime factors of 273603947.
41, 67, 103, 967
List the prime factors of 8036930994.
2, 3, 1339488499
List the prime factors of 88576614.
2, 3, 7, 29, 3463
What are the prime factors of 12114060?
2, 3, 5, 7, 28843
List the prime factors of 3413018214.
2, 3, 63204041
What are the prime factors of 27805148?
2, 7, 141863
What are the prime factors of 66660334?
2, 13, 2563859
What are the prime factors of 402531117?
3, 17, 467, 16901
List the prime factors of 448487450.
2, 5, 839, 10691
What are the prime factors of 129030213?
3, 13, 3308467
List the prime factors of 45302237.
101, 251, 1787
List the prime factors of 65377632.
2, 3, 19, 73, 491
What are the prime factors of 258954116?
2, 19, 229, 14879
List the prime factors of 1092426902.
2, 7, 17, 4590029
What are the prime factors of 253903974?
2, 3, 2237, 18917
What are the prime factors of 488556154?
2, 281, 869317
List the prime factors of 107936960.
2, 5, 59, 5717
List the prime factors of 18345384.
2, 3, 61, 4177
List the prime factors of 65761875.
3, 5, 433
What are the prime factors of 41832312?
2, 3, 1743013
What are the prime factors of 467677888?
2, 17, 429851
What are the prime factors of 3110277932?
2, 777569483
List the prime factors of 827127205.
5, 165425441
What are the prime factors of 67899310?
2, 5, 6789931
List the prime factors of 73012766.
2, 37, 986659
What are the prime factors of 1090427311?
17, 1087, 59009
What are the prime factors of 373883487?
3, 5261, 23689
What are the prime factors of 13890537?
3, 1543393
What are the prime factors of 415711766?
2, 207855883
List the prime factors of 498165925.
5, 47, 293, 1447
List the prime factors of 610872496.
2, 13, 19, 154573
What are the prime factors of 16533074?
2, 29, 61, 4673
List t